{"id":2783,"date":"2022-10-13T09:21:28","date_gmt":"2022-10-13T07:21:28","guid":{"rendered":"https:\/\/institut-ms.de\/shop\/?post_type=product&#038;p=2783"},"modified":"2023-04-14T10:33:52","modified_gmt":"2023-04-14T08:33:52","slug":"passformueberpruefung-mittels-thermografie-oefters-falsch-interpretiert-als-zugegeben-wird","status":"publish","type":"product","link":"https:\/\/institut-ms.de\/shop\/index.php\/produkt\/passformueberpruefung-mittels-thermografie-oefters-falsch-interpretiert-als-zugegeben-wird\/","title":{"rendered":"Passform\u00fcberpr\u00fcfung mittels Thermografie, \u00f6fters falsch interpretiert als zugegeben wird\u00a0"},"content":{"rendered":"","protected":true},"excerpt":{"rendered":"","protected":true},"featured_media":2768,"template":"","meta":{"spay_email":""},"product_cat":[189],"product_tag":[],"_links":{"self":[{"href":"https:\/\/institut-ms.de\/shop\/index.php\/wp-json\/wp\/v2\/product\/2783"}],"collection":[{"href":"https:\/\/institut-ms.de\/shop\/index.php\/wp-json\/wp\/v2\/product"}],"about":[{"href":"https:\/\/institut-ms.de\/shop\/index.php\/wp-json\/wp\/v2\/types\/product"}],"wp:featuredmedia":[{"embeddable":true,"href":"https:\/\/institut-ms.de\/shop\/index.php\/wp-json\/wp\/v2\/media\/2768"}],"wp:attachment":[{"href":"https:\/\/institut-ms.de\/shop\/index.php\/wp-json\/wp\/v2\/media?parent=2783"}],"wp:term":[{"taxonomy":"product_cat","embeddable":true,"href":"https:\/\/institut-ms.de\/shop\/index.php\/wp-json\/wp\/v2\/product_cat?post=2783"},{"taxonomy":"product_tag","embeddable":true,"href":"https:\/\/institut-ms.de\/shop\/index.php\/wp-json\/wp\/v2\/product_tag?post=2783"}],"curies":[{"name":"wp","href":"https:\/\/api.w.org\/{rel}","templated":true}]}}